{"id":989728,"date":"2026-06-04T16:44:06","date_gmt":"2026-06-04T13:44:06","guid":{"rendered":"https:\/\/lett.ubbcluj.ro\/sembazuru\/despre-noi\/specializare\/universitatea-musashino\/"},"modified":"2026-06-05T11:09:41","modified_gmt":"2026-06-05T08:09:41","slug":"universitatea-musashino","status":"publish","type":"page","link":"https:\/\/lett.ubbcluj.ro\/sembazuru\/despre-noi\/specializare\/universitatea-musashino\/","title":{"rendered":"Universitatea Musashino (Japonia)"},"content":{"rendered":"<div class=\"vgblk-rw-wrapper limit-wrapper\">\n<div style=\"max-width:980px;margin:0 auto;padding:40px 20px 20px;\"><span style=\"display:block;text-align:center;color:#005BB9;font-weight:700;letter-spacing:2px;text-transform:uppercase;font-size:13px;margin-bottom:8px;\">Mobilit\u0103\u021bi interna\u021bionale<\/span><\/p>\n<p style=\"color:#46434c;font-size:17px;line-height:1.8;text-align:center;margin:0 0 30px;\">Studen\u021bi ai specializ\u0103rii <em>Limba \u0219i literatura japonez\u0103<\/em> care au beneficiat de o mobilitate la Universitatea Musashino (Japonia). Apas\u0103 pe un nume pentru a citi m\u0103rturia studentului.<\/p>\n<ul style=\"max-width:620px;margin:0 auto;padding:0;\">\n<li style=\"position:relative;padding:0 0 16px 34px;color:#46434c;font-size:16px;line-height:1.7;list-style:none;\"><span style=\"position:absolute;left:0;top:2px;color:#b8860b;font-weight:700;\">\u2756<\/span><a href=\"https:\/\/lett.ubbcluj.ro\/sembazuru\/wp-content\/uploads\/2026\/06\/Sarb_Romana.pdf\" target=\"_blank\" rel=\"noopener\" style=\"color:#201E25;font-weight:600;text-decoration:underline;text-decoration-thickness:2px;text-decoration-color:#FFC107;text-underline-offset:4px;\">Romana Mihaela S\u00e2rb<\/a><\/li>\n<li style=\"position:relative;padding:0 0 16px 34px;color:#46434c;font-size:16px;line-height:1.7;list-style:none;\"><span style=\"position:absolute;left:0;top:2px;color:#b8860b;font-weight:700;\">\u2756<\/span><a href=\"https:\/\/lett.ubbcluj.ro\/sembazuru\/wp-content\/uploads\/2026\/06\/Cosac-Delia-Musashino.pdf\" target=\"_blank\" rel=\"noopener\" style=\"color:#201E25;font-weight:600;text-decoration:underline;text-decoration-thickness:2px;text-decoration-color:#FFC107;text-underline-offset:4px;\">Delia Cosac<\/a><\/li>\n<li style=\"position:relative;padding:0 0 16px 34px;color:#46434c;font-size:16px;line-height:1.7;list-style:none;\"><span style=\"position:absolute;left:0;top:2px;color:#b8860b;font-weight:700;\">\u2756<\/span><a href=\"https:\/\/lett.ubbcluj.ro\/sembazuru\/wp-content\/uploads\/2026\/06\/Luca-Aida-Musashino.pdf\" target=\"_blank\" rel=\"noopener\" style=\"color:#201E25;font-weight:600;text-decoration:underline;text-decoration-thickness:2px;text-decoration-color:#FFC107;text-underline-offset:4px;\">Aida Luca<\/a><\/li>\n<li style=\"position:relative;padding:0 0 16px 34px;color:#46434c;font-size:16px;line-height:1.7;list-style:none;\"><span style=\"position:absolute;left:0;top:2px;color:#b8860b;font-weight:700;\">\u2756<\/span><a href=\"https:\/\/lett.ubbcluj.ro\/sembazuru\/wp-content\/uploads\/2026\/06\/Muncaciu-Codarcea-Valentina-Musashino.pdf\" target=\"_blank\" rel=\"noopener\" style=\"color:#201E25;font-weight:600;text-decoration:underline;text-decoration-thickness:2px;text-decoration-color:#FFC107;text-underline-offset:4px;\">Valentina Muncaciu-Codarcea<\/a><\/li>\n<li style=\"position:relative;padding:0 0 16px 34px;color:#46434c;font-size:16px;line-height:1.7;list-style:none;\"><span style=\"position:absolute;left:0;top:2px;color:#b8860b;font-weight:700;\">\u2756<\/span><a href=\"https:\/\/lett.ubbcluj.ro\/sembazuru\/wp-content\/uploads\/2026\/06\/Malina-Popa-Musashino.docx\" target=\"_blank\" rel=\"noopener\" style=\"color:#201E25;font-weight:600;text-decoration:underline;text-decoration-thickness:2px;text-decoration-color:#FFC107;text-underline-offset:4px;\">M\u0103lina Popa<\/a><\/li>\n<\/ul>\n<div style=\"text-align:center;margin:24px 0 10px;\"><a href=\"\/sembazuru\/despre-noi\/specializare\/\" style=\"color:#005BB9;font-weight:700;text-decoration:none;\">\u2190 \u00cenapoi la pagina Specializare<\/a><\/div>\n<\/div>\n<\/div>\n<p><!-- .vgblk-rw-wrapper --><\/p>\n","protected":false},"excerpt":{"rendered":"<p>Mobilit\u0103\u021bi interna\u021bionale Studen\u021bi ai specializ\u0103rii Limba \u0219i literatura japonez\u0103 care au beneficiat de o mobilitate la Universitatea Musashino (Japonia). Apas\u0103 pe un nume pentru a citi m\u0103rturia studentului. \u2756Romana Mihaela&#8230;<\/p>\n","protected":false},"author":2,"featured_media":0,"parent":115,"menu_order":0,"comment_status":"closed","ping_status":"closed","template":"","meta":{"footnotes":""},"class_list":["post-989728","page","type-page","status-publish","hentry"],"_links":{"self":[{"href":"https:\/\/lett.ubbcluj.ro\/sembazuru\/wp-json\/wp\/v2\/pages\/989728","targetHints":{"allow":["GET"]}}],"collection":[{"href":"https:\/\/lett.ubbcluj.ro\/sembazuru\/wp-json\/wp\/v2\/pages"}],"about":[{"href":"https:\/\/lett.ubbcluj.ro\/sembazuru\/wp-json\/wp\/v2\/types\/page"}],"author":[{"embeddable":true,"href":"https:\/\/lett.ubbcluj.ro\/sembazuru\/wp-json\/wp\/v2\/users\/2"}],"replies":[{"embeddable":true,"href":"https:\/\/lett.ubbcluj.ro\/sembazuru\/wp-json\/wp\/v2\/comments?post=989728"}],"version-history":[{"count":1,"href":"https:\/\/lett.ubbcluj.ro\/sembazuru\/wp-json\/wp\/v2\/pages\/989728\/revisions"}],"predecessor-version":[{"id":990385,"href":"https:\/\/lett.ubbcluj.ro\/sembazuru\/wp-json\/wp\/v2\/pages\/989728\/revisions\/990385"}],"up":[{"embeddable":true,"href":"https:\/\/lett.ubbcluj.ro\/sembazuru\/wp-json\/wp\/v2\/pages\/115"}],"wp:attachment":[{"href":"https:\/\/lett.ubbcluj.ro\/sembazuru\/wp-json\/wp\/v2\/media?parent=989728"}],"curies":[{"name":"wp","href":"https:\/\/api.w.org\/{rel}","templated":true}]}}

<div class="vgblk-rw-wrapper limit-wrapper">
<div style="max-width:980px;margin:0 auto;padding:40px 20px 20px;"><span style="display:block;text-align:center;color:#005BB9;font-weight:700;letter-spacing:2px;text-transform:uppercase;font-size:13px;margin-bottom:8px;">Mobilități internaționale</span></p>
<p style="color:#46434c;font-size:17px;line-height:1.8;text-align:center;margin:0 0 30px;">Studenți ai specializării <em>Limba și literatura japoneză</em> care au beneficiat de o mobilitate la Universitatea Musashino (Japonia). Apasă pe un nume pentru a citi mărturia studentului.</p>
<ul style="max-width:620px;margin:0 auto;padding:0;">
<li style="position:relative;padding:0 0 16px 34px;color:#46434c;font-size:16px;line-height:1.7;list-style:none;"><span style="position:absolute;left:0;top:2px;color:#b8860b;font-weight:700;">❖</span><a href="https://lett.ubbcluj.ro/sembazuru/wp-content/uploads/2026/06/Sarb_Romana.pdf" target="_blank" rel="noopener" style="color:#201E25;font-weight:600;text-decoration:underline;text-decoration-thickness:2px;text-decoration-color:#FFC107;text-underline-offset:4px;">Romana Mihaela Sârb</a></li>
<li style="position:relative;padding:0 0 16px 34px;color:#46434c;font-size:16px;line-height:1.7;list-style:none;"><span style="position:absolute;left:0;top:2px;color:#b8860b;font-weight:700;">❖</span><a href="https://lett.ubbcluj.ro/sembazuru/wp-content/uploads/2026/06/Cosac-Delia-Musashino.pdf" target="_blank" rel="noopener" style="color:#201E25;font-weight:600;text-decoration:underline;text-decoration-thickness:2px;text-decoration-color:#FFC107;text-underline-offset:4px;">Delia Cosac</a></li>
<li style="position:relative;padding:0 0 16px 34px;color:#46434c;font-size:16px;line-height:1.7;list-style:none;"><span style="position:absolute;left:0;top:2px;color:#b8860b;font-weight:700;">❖</span><a href="https://lett.ubbcluj.ro/sembazuru/wp-content/uploads/2026/06/Luca-Aida-Musashino.pdf" target="_blank" rel="noopener" style="color:#201E25;font-weight:600;text-decoration:underline;text-decoration-thickness:2px;text-decoration-color:#FFC107;text-underline-offset:4px;">Aida Luca</a></li>
<li style="position:relative;padding:0 0 16px 34px;color:#46434c;font-size:16px;line-height:1.7;list-style:none;"><span style="position:absolute;left:0;top:2px;color:#b8860b;font-weight:700;">❖</span><a href="https://lett.ubbcluj.ro/sembazuru/wp-content/uploads/2026/06/Muncaciu-Codarcea-Valentina-Musashino.pdf" target="_blank" rel="noopener" style="color:#201E25;font-weight:600;text-decoration:underline;text-decoration-thickness:2px;text-decoration-color:#FFC107;text-underline-offset:4px;">Valentina Muncaciu-Codarcea</a></li>
<li style="position:relative;padding:0 0 16px 34px;color:#46434c;font-size:16px;line-height:1.7;list-style:none;"><span style="position:absolute;left:0;top:2px;color:#b8860b;font-weight:700;">❖</span><a href="https://lett.ubbcluj.ro/sembazuru/wp-content/uploads/2026/06/Malina-Popa-Musashino.docx" target="_blank" rel="noopener" style="color:#201E25;font-weight:600;text-decoration:underline;text-decoration-thickness:2px;text-decoration-color:#FFC107;text-underline-offset:4px;">Mălina Popa</a></li>
</ul>
<div style="text-align:center;margin:24px 0 10px;"><a href="/sembazuru/despre-noi/specializare/" style="color:#005BB9;font-weight:700;text-decoration:none;">← Înapoi la pagina Specializare</a></div>
</div>
</div>
<p><!-- .vgblk-rw-wrapper --></p>

<p>Mobilități internaționale Studenți ai specializării Limba și literatura japoneză care au beneficiat de o mobilitate la Universitatea Musashino (Japonia). Apasă pe un nume pentru a citi mărturia studentului. ❖Romana Mihaela&#8230;</p>
